{"id":4,"date":"2022-07-18T17:55:06","date_gmt":"2022-07-18T17:55:06","guid":{"rendered":"https:\/\/www.cootraalival.com\/?page_id=4"},"modified":"2025-06-10T21:34:00","modified_gmt":"2025-06-10T21:34:00","slug":"inicio","status":"publish","type":"page","link":"https:\/\/www.cootraalival.com\/","title":{"rendered":"INICIO"},"content":{"rendered":"<div><\/div>\n<div  id=\"informacion\" class=\"features-image-cards-section stripped-features-image-cards-section\" style=\"background-color: #ffffff;\" data-label=\"Informacion\" data-id=\"stripped-features-image-cards-section\" data-category=\"overlapable\" data-=\"\" data-overlap=\"true\">\n<div  class=\"gridContainer\">\n<div  class=\"features-image-cards-innerrow flexbox-list\" data-type=\"row\">\n<div  class=\"features-image-cards-cardcol cp6cols-tablet cp3cols\">\n<div  class=\"features-image-cards-cardrow\"><img  decoding=\"async\" class=\"features-image-cards-featimg\" src=\"http:\/\/www.cootraalival.com\/wp-content\/uploads\/2022\/07\/nuestros-servicios.jpg\" alt=\"\"><\/p>\n<p >\n<p >\n<p >\n<div  class=\"features-image-cards-cardtextrow\" data-type=\"column\">\n<h4  class=\"\" style=\"text-align: center;\">Conoce nuestros servicios<\/h4>\n<p  class=\"\" style=\"text-align: justify;\">Cada d\u00eda estamos buscando ofrecerte m\u00e1s y mejores servicios para nuestros asociados y sus familias.<\/p>\n<hr  class=\"features-image-cards-separator\">\n<p  class=\"\">\n  <a  href=\"https:\/\/www.cootraalival.com?page_id=59\" target=\"_self\" rel=\"noopener\" style=\"color: green;\"><br \/>\n    <i  class=\"font-icon-22 fa fa-arrow-circle-right\" style=\"color: green;\" data-cp-fa=\"true\"><\/i>&nbsp;Leer m\u00e1s<br \/>\n  <\/a>\n<\/p>\n<\/div>\n<\/div>\n<\/div>\n<div  class=\"features-image-cards-cardcol cp6cols-tablet cp3cols\">\n<div  class=\"features-image-cards-cardrow\"><img  decoding=\"async\" class=\"features-image-cards-featimg\" src=\"http:\/\/www.cootraalival.com\/wp-content\/uploads\/2022\/07\/portafolio.jpg\" alt=\"\"><\/p>\n<p >\n<p >\n<p >\n<div  class=\"features-image-cards-cardtextrow\" data-type=\"column\">\n<h4  class=\"\" style=\"text-align: center;\">Amplio portafolio de cr\u00e9ditos<\/h4>\n<p  class=\"\" style=\"text-align: justify;\">En t\u00fa cooperativa COOTRA-ALIVAL tenemos el credito para tus necesidades con amplias facilidades de pago&nbsp;&nbsp;<\/p>\n<hr  class=\"features-image-cards-separator\">\n<p  class=\"\">\n  <a  href=\"#panel2\" target=\"_self\" rel=\"noopener\" style=\"color: green;\"><br \/>\n    <i  class=\"font-icon-22 fa fa-arrow-circle-right\" style=\"color: green;\" data-cp-fa=\"true\"><\/i>&nbsp;Leer m\u00e1s<br \/>\n  <\/a>\n<\/p>\n<\/div>\n<\/div>\n<\/div>\n<div  class=\"features-image-cards-cardcol cp6cols-tablet cp3cols\">\n<div  class=\"features-image-cards-cardrow\"><img  decoding=\"async\" class=\"features-image-cards-featimg\" src=\"http:\/\/www.cootraalival.com\/wp-content\/uploads\/2022\/08\/beneficios2.jpg\" alt=\"\"><\/p>\n<p >\n<p >\n<p >\n<div  class=\"features-image-cards-cardtextrow\" data-type=\"column\">\n<h4  class=\"\" style=\"text-align: center;\">Beneficios sociales<\/h4>\n<p  class=\"\" style=\"text-align: justify;\">Tenemos los mejores beneficios sociales; para nuestros asociados y sus familias.<\/p>\n<hr  class=\"features-image-cards-separator\">\n<p  class=\"\">\n  <a  href=\"#panel3\" target=\"_self\" rel=\"noopener\" style=\"color: green;\"><br \/>\n    <i  class=\"font-icon-22 fa fa-arrow-circle-right\" style=\"color: green;\" data-cp-fa=\"true\"><\/i>&nbsp;Leer m\u00e1s<br \/>\n  <\/a>\n<\/p>\n<\/div>\n<\/div>\n<\/div>\n<div  class=\"features-image-cards-cardcol cp6cols-tablet cp3cols\">\n<div  class=\"features-image-cards-cardrow\"><img  decoding=\"async\" class=\"features-image-cards-featimg\" src=\"http:\/\/www.cootraalival.com\/wp-content\/uploads\/2022\/07\/bebeficios-sociales.jpg\" alt=\"\"><\/p>\n<p >\n<p >\n<p >\n<div  class=\"features-image-cards-cardtextrow\" data-type=\"column\">\n<h4  class=\"\" style=\"text-align: center;\">Quienes pueden ser asociados<\/h4>\n<p  class=\"\" style=\"text-align: justify;\">Trabajadores activos vinculados en Alival S.A.&nbsp; Personas que laboren por medio de empresas temporales.<\/p>\n<hr  class=\"features-image-cards-separator\">\n<p  class=\"\">\n  <a  href=\"#afiliaciones\" target=\"_self\" rel=\"noopener\" style=\"color: green;\"><br \/>\n    <i  class=\"font-icon-22 fa fa-arrow-circle-right\" style=\"color: green;\" data-cp-fa=\"true\"><\/i>&nbsp;Leer m\u00e1s<br \/>\n  <\/a>\n<\/p>\n<\/div>\n<\/div>\n<\/div>\n<\/div>\n<\/div>\n<\/div>\n<div  id=\"redes\" class=\"clients-strip-section\" style=\"background-color: #ffffff;\" data-label=\"redes\" data-id=\"clients-strip-section\" data-category=\"clients\">\n<div  class=\"row_187\" data-type=\"row\" data-add-content=\"false\">\n<div  class=\"clients-strip-itemcol cp2cols\">\n<div  class=\"middle_align1\"><a  href=\"https:\/\/www.cootraalival.com\"><img  class=\"clients-strip-itemimg\"><\/a><\/div>\n<\/div>\n<div  class=\"clients-strip-itemcol cp2cols\">\n<div  class=\"middle_align1\"><a  href=\"https:\/\/www.cootraalival.com\" target=\"_self\" rel=\"noopener\"><img  class=\"clients-strip-itemimg\"><\/a><\/div>\n<\/div>\n<div  class=\"clients-strip-itemcol cp2cols\">\n<div  class=\"middle_align1\"><a  class=\"\" href=\"https:\/\/www.facebook.com\/cootraalivalcooperativa?ti=as\" target=\"_blank\" rel=\"noopener\"><img  decoding=\"async\" class=\"clients-strip-itemimg\" src=\"http:\/\/www.cootraalival.com\/wp-content\/uploads\/2022\/07\/2bad70f2d08429a28dfbebd4c237924b.png\"><\/a><\/div>\n<\/div>\n<div  class=\"clients-strip-itemcol cp2cols\">\n<div  class=\"middle_align1\"><a  class=\"\" href=\"https:\/\/instagram.com\/cootraalivalcooperativa?igshid=1euud37hij4ej\" target=\"_blank\" rel=\"noopener\"><img  decoding=\"async\" class=\"clients-strip-itemimg\" src=\"https:\/\/www.cootraalival.com\/wp-content\/uploads\/2022\/07\/instagram-png-instagram-png-logo-1455.png\"><\/a><\/div>\n<\/div>\n<div  class=\"clients-strip-itemcol cp2cols\">\n<div  class=\"middle_align1\"><a  href=\"https:\/\/www.cootraalival.com\"><img  class=\"clients-strip-itemimg\"><\/a><\/div>\n<\/div>\n<div  class=\"clients-strip-itemcol cp2cols\">\n<div  class=\"middle_align1\"><a  href=\"https:\/\/www.cootraalival.com\"><img  class=\"clients-strip-itemimg\"><\/a><\/div>\n<\/div>\n<\/div>\n<\/div>\n<div  id=\"panel1\" class=\"about-big-images-section\" style=\"background-color: #f6f6f6;\" data-label=\"Panel1\" data-id=\"about-big-images-section\" data-category=\"about\">\n<div  class=\"gridContainer\">\n<div  class=\"about-big-images-textrow\">\n<div  class=\"about-big-images-textcol dynamic-color\" data-type=\"column\">\n<h3  class=\"\">Si tienes una&nbsp;<span  class=\"span25\">visi\u00f3n te ayudamos&nbsp;<\/span>&nbsp;a convertirla en realidad.<\/h3>\n<p  class=\"\">.<\/p>\n<\/div>\n<\/div>\n<\/div>\n<div  class=\"about-big-images-bottomrow\">\n<div  class=\"about-big-images-leftimgcol\"><img  decoding=\"async\" class=\"about-big-images-leftimg\" src=\"http:\/\/www.cootraalival.com\/wp-content\/uploads\/2022\/07\/988b7abb-6d2a-44cc-8236-8494da3ba6a1.jpg\" alt=\"\"><\/div>\n<div  class=\"about-big-images-centerimgcol\"><img  decoding=\"async\" class=\"about-big-images-centerimg\" src=\"http:\/\/www.cootraalival.com\/wp-content\/uploads\/2022\/07\/FOTO-EDICION-2.jpg\" alt=\"\"><\/div>\n<div  class=\"about-big-images-rightimgcol\"><img  decoding=\"async\" class=\"about-big-images-rightimg\" src=\"http:\/\/www.cootraalival.com\/wp-content\/uploads\/2022\/07\/GANADOR.jpg\" alt=\"\"><\/div>\n<\/div>\n<\/div>\n<div  data-label=\"Panel2\" data-id=\"content-image-left\" data-category=\"content\" class=\"content-left-image-section content-image-left\" id=\"panel2\" style=\"background-color: rgb(255, 255, 255);\">\n<div  class=\"gridContainer\">\n<div  class=\"row\">\n<div  class=\"content-left-image-imgcol\" data-type=\"column\"> <img  decoding=\"async\" src=\"http:\/\/www.cootraalival.com\/wp-content\/uploads\/2025\/06\/JUNTOS-NOS-CONSTRUIMOS2.jpg\" class=\"\" alt=\"\"><\/div>\n<div  class=\"content-left-image-textcol dynamic-color\" data-type=\"column\">\n<h2  class=\"\">Portafolio de Cr\u00e9ditos<\/h2>\n<p  class=\"large_text\"> *Ordinario Simple<\/p>\n<p  class=\"large_text\">*Compra de cartera<\/p>\n<p  class=\"large_text\">*Rotatorio<\/p>\n<p  class=\"large_text\">*Refinanciaci\u00f3n<\/p>\n<p  class=\"large_text\">*Reestructuraci\u00f3n<\/p>\n<p  class=\"\"> <a  class=\"button green\" href=\"https:\/\/www.cootraalival.com?page_id=437\" target=\"_self\" rel=\"noopener\"> LEER MAS <\/a><\/p>\n<\/div>\n<\/div>\n<\/div>\n<\/div>\n<div  id=\"panel3\" class=\"content-right-image-section\" style=\"background-color: #f6f6f6;\" data-label=\"Panel3\" data-id=\"content-image-right\" data-category=\"content\">\n<div  class=\"gridContainer\">\n<div  class=\"content-right-image-gridcol\">\n<div  class=\"content-right-image-textcol dynamic-color\" data-type=\"column\">\n<h2  class=\"\">Beneficios sociales&nbsp;<\/h2>\n<p  class=\"large_text\">COOTRAALIVAL te ayuda cuando m\u00e1s lo necesitas, conoce los diferentes auxilios que tu Cooperativa ofrece para esos momentos dificiles &#8230;<\/p>\n<p  class=\"\"><a  class=\"button green\" href=\"https:\/\/drive.google.com\/file\/d\/1JvJbCeLbdMd4UmjQjf7AICQFSbRS28rF\/view?usp=sharing\" target=\"_self\" rel=\"noopener\"> LEER MAS <\/a><\/p>\n<\/div>\n<div  class=\"content-right-image-imgcol\" data-type=\"column\"><img  decoding=\"async\" class=\"\" src=\"http:\/\/www.cootraalival.com\/wp-content\/uploads\/2025\/06\/PERSONAS.jpg\" alt=\"\"><\/div>\n<\/div>\n<\/div>\n<\/div>\n<div  id=\"testimonios\" class=\"testimonials-boxed-section\" style=\"background-color: #ffffff;\" data-label=\"Testimonios\" data-id=\"testimonials-boxed-section\" data-category=\"testimonials\">\n<div  class=\"gridContainer\">\n<div  class=\"testimonials-boxed-textcol dynamic-color\" data-type=\"column\">\n<h2  class=\"\">\u00bfQue dicen nuestros asociados?<\/h2>\n<p  class=\"\">La raz\u00f3n de hacer lo que hacemos&nbsp;<\/p>\n<\/div>\n<div  class=\"testimonials-boxed-itemsrow dark-text\" data-type=\"row\">\n<div  class=\"testimonials-boxed-itemcol cp4cols cp6cols-tablet\">\n<div  class=\"testimonials-boxed-itemcard\" data-type=\"column\">\n<h4  class=\"testimonials-boxed-itemtext\">\u00abEmocionado por haber ganado uno de los bono Lotto&nbsp; 2021 de $500.000 pesos<\/p>\n<p >\n<p >\n<p >\n<p >Que bendici\u00f3n uno poder&nbsp; recibir una noticia de estas\u00bb.<\/p>\n<\/h4>\n<p  class=\"\"><img  decoding=\"async\" class=\"testimonials-boxed-itemimg\" src=\"http:\/\/www.cootraalival.com\/wp-content\/uploads\/2022\/07\/cropped-asociado-1.jpg\" alt=\"\" data-size=\"500x500\"><\/p>\n<h5  class=\"testimonials-boxed-itemname\">Walter Betancourth<\/h5>\n<h6  class=\"testimonials-boxed-itempos\">ALIVAL S.A&nbsp;<\/h6>\n<\/div>\n<\/div>\n<div  class=\"testimonials-boxed-itemcol cp4cols cp6cols-tablet\">\n<div  class=\"testimonials-boxed-itemcard\" data-type=\"column\">\n<h4  class=\"testimonials-boxed-itemtext\">\u201cSoy el feliz ganador del Bono Solidario, espero que en una proxima ocasi\u00f3n seas t\u00fa.\u201d<\/h4>\n<p  class=\"\"><img  decoding=\"async\" class=\"testimonials-boxed-itemimg\" src=\"http:\/\/www.cootraalival.com\/wp-content\/uploads\/2022\/07\/cropped-MAURICIO-RESTREPO-1113665592-RH-O.jpg\" alt=\"\" data-size=\"500x500\"><\/p>\n<h5  class=\"testimonials-boxed-itemname\">Mauricio Restrepo<\/h5>\n<h6  class=\"testimonials-boxed-itempos\">alival s. a<\/h6>\n<\/div>\n<\/div>\n<div  class=\"testimonials-boxed-itemcol cp4cols cp6cols-tablet\">\n<div  class=\"testimonials-boxed-itemcard\" data-type=\"column\">\n<h4  class=\"testimonials-boxed-itemtext\">\u201cFeliz de ser la ganadora de la Moto&nbsp; Apache RTR 200 4VX \u201d<\/h4>\n<p  class=\"\"><img  decoding=\"async\" class=\"testimonials-boxed-itemimg\" src=\"http:\/\/www.cootraalival.com\/wp-content\/uploads\/2022\/07\/cropped-ganadora.jpeg\" alt=\"\" data-size=\"500x500\"><\/p>\n<h5  class=\"testimonials-boxed-itemname\">Diana Yulieth Parra<\/h5>\n<h6  class=\"testimonials-boxed-itempos\">alival s.a<\/h6>\n<\/div>\n<\/div>\n<\/div>\n<\/div>\n<\/div>\n<div  id=\"overlapable-1\" class=\"stripped-about-four-boxes-section\" style=\"background-color: #f6f6f6;\" data-label=\"Overlapable\" data-id=\"stripped-about-four-boxes-section\" data-category=\"overlapable\" data-overlap=\"true\">\n<div  class=\"gridContainer\">\n<div  class=\"about-four-boxes-innerrow flexbox-list\">\n<div  class=\"about-four-boxes-imgcol\" style=\"background-image: url('http:\/\/www.cootraalival.com\/wp-content\/uploads\/2022\/07\/POST2-FOTOS.jpg');\" data-bg=\"image\">&nbsp;<\/div>\n<div  class=\"about-four-boxes-textcol\" data-type=\"column\">\n<h6  class=\"\">asamblea #48<\/h6>\n<h2  class=\"\">Un gran Equipo<\/h2>\n<p  class=\"\">Cuadrag\u00e9sima octava&nbsp; Asamblea General Ordinaria de delegados<\/p>\n<\/div>\n<div  class=\"about-four-boxes-textcol\" data-type=\"column\">\n<h6  class=\"\">homenaje<\/h6>\n<h2  class=\"\">Dia de la Mujer<\/h2>\n<p  class=\"\">Conmemoraci\u00f3n&nbsp; a nuestra bellas&nbsp; asociadas de la Cooperativa.<\/p>\n<\/div>\n<div  class=\"about-four-boxes-imgcol2\" style=\"background-image: url(&quot;http:\/\/www.cootraalival.com\/wp-content\/uploads\/2025\/06\/DIA-DE-LA-MUJER-2025-2.jpg&quot;);\" data-bg=\"image\">&nbsp;<\/div>\n<\/div>\n<\/div>\n<\/div>\n<div  data-label=\"Afiliaciones\" data-id=\"about-text-icons-section\" data-category=\"about\" class=\"about-text-icons-section\" id=\"afiliaciones\" style=\"background-color: rgb(255, 255, 255);\">\n<div  class=\"gridContainer\">\n<div  class=\"about-text-icons-innerrow dynamic-color\">\n<div  class=\"about-text-icons-textcol\" data-type=\"column\">\n<h3  class=\"\">\u00bf Quienes pueden&nbsp;<span  href=\"#\" class=\"span24\">ser asociados?&nbsp;<\/span>&nbsp;<\/h3>\n<p  class=\"\">Una vez verifiques que cumples con los anteriores requisitos debes seguir el siguiente procedimiento:<\/p>\n<p  class=\"\">1.\tDiligenciar el formulario de ingreso y de autorizaci\u00f3n de descuento (los puedes descargar en el bot\u00f3n verde)<br >2.\tFotocopia de la c\u00e9dula ampliada al 150%<br >3.\tAporte m\u00ednimo del 5% del salario m\u00ednimo legal vigente.<br >4.\tAporte al fondo mutual de bienestar integral<\/p>\n<p  class=\"\"><a  class=\"button green\" href=\"https:\/\/drive.google.com\/file\/d\/1qV9ZK6YIxrlCC9Jpq6iMJRw-2ABiP-dl\/view?usp=sharing\" target=\"_blank\" rel=\"noopener\">DESCARGAR FORMULARIO<\/a><\/p>\n<\/div>\n<div  class=\"about-text-icons-cols flexbox-list\">\n<div  class=\"about-text-icons-iconcol\"> <i  data-cp-fa=\"true\" class=\"font-icon-21 fa fa-check-square-o\"><\/i><\/p>\n<p >\n<p >\n<p >\n<h4  class=\"\">Los trabajadores activos vinculados laboralmente con contratos a t\u00e9rmino fijo o indefinido con la empresa ALIVAL S.A.<\/h4>\n<p  class=\"\">o trabajadores vinculados por medio de empresas Temporales o por empresas de Outsourcing que est\u00e9n prestando sus servicios.<\/p>\n<p ><a  href=\"#\" target=\"_self\" data-reiki-hidden=\"true\" rel=\"noopener\"><i  data-cp-fa=\"true\" class=\"font-icon-20 fa fa-angle-double-right\"><\/i>&nbsp;learn more<\/a><\/p>\n<\/div>\n<div  class=\"about-text-icons-iconcol\"> <i  data-cp-fa=\"true\" class=\"font-icon-21 fa fa-check-square-o\"><\/i><\/p>\n<p >\n<p >\n<p >\n<h4  class=\"\">Las personas que laboren en la Cooperativa por medio de contrato <\/h4>\n<p  class=\"\">a t\u00e9rmino fijo, a t\u00e9rmino indefinido o por medio de empresas temporales.<\/p>\n<p >Toda persona natural que goce de una pensi\u00f3n de vejez o invalidez.<\/p>\n<p ><a  href=\"#\" target=\"_self\" data-reiki-hidden=\"true\" rel=\"noopener\"><i  data-cp-fa=\"true\" class=\"font-icon-20 fa fa-angle-double-right\"><\/i>&nbsp;learn more<\/a><\/p>\n<\/div>\n<div  class=\"about-text-icons-iconcol\"> <i  data-cp-fa=\"true\" class=\"font-icon-21 fa fa-check-square-o\"><\/i><\/p>\n<p >\n<p >\n<p >\n<h4  class=\"\">Personas naturales que tengan v\u00ednculos con empresas<\/h4>\n<p  class=\"\">ya sea laboral o por contrato de servicios o personas naturales que tengan registro ante la DIAN.<\/p>\n<p ><a  href=\"#\" target=\"_self\" data-reiki-hidden=\"true\" rel=\"noopener\"><i  data-cp-fa=\"true\" class=\"font-icon-20 fa fa-angle-double-right\"><\/i>&nbsp;learn more<\/a><\/p>\n<\/div>\n<div  class=\"about-text-icons-iconcol\"> <i  data-cp-fa=\"true\" class=\"font-icon-21 fa fa-check-square-o\"><\/i><\/p>\n<p >\n<p >\n<p >\n<h4  class=\"\">Las micro, peque\u00f1as y medianas empresas.<\/h4>\n<p  class=\"\">registrada en c\u00e1mara de comercio.<\/p>\n<p ><a  href=\"#\" target=\"_self\" data-reiki-hidden=\"true\" rel=\"noopener\"><i  data-cp-fa=\"true\" class=\"font-icon-20 fa fa-angle-double-right\"><\/i>&nbsp;learn more<\/a><\/p>\n<\/div>\n<\/div>\n<\/div>\n<\/div>\n<\/div>\n\n\n<pre class=\"wp-block-code\"><code><\/code><\/pre>\n","protected":false},"excerpt":{"rendered":"<p>Conoce nuestros servicios Cada d\u00eda estamos buscando ofrecerte m\u00e1s y mejores servicios para nuestros asociados y sus familias. &nbsp;Leer m\u00e1s Amplio portafolio de cr\u00e9ditos En t\u00fa cooperativa COOTRA-ALIVAL tenemos el credito para tus necesidades con amplias facilidades de pago&nbsp;&nbsp; &nbsp;Leer m\u00e1s Beneficios sociales Tenemos los mejores beneficios sociales; para nuestros asociados y sus familias. &nbsp;Leer&hellip; <br \/> <a class=\"button small blue\" href=\"https:\/\/www.cootraalival.com\/?p=1\">Leer m\u00e1s<\/a><\/p>\n","protected":false},"author":1,"featured_media":0,"parent":0,"menu_order":0,"comment_status":"closed","ping_status":"closed","template":"","meta":{"footnotes":""},"class_list":["post-4","page","type-page","status-publish","hentry"],"_links":{"self":[{"href":"https:\/\/www.cootraalival.com\/index.php?rest_route=\/wp\/v2\/pages\/4","targetHints":{"allow":["GET"]}}],"collection":[{"href":"https:\/\/www.cootraalival.com\/index.php?rest_route=\/wp\/v2\/pages"}],"about":[{"href":"https:\/\/www.cootraalival.com\/index.php?rest_route=\/wp\/v2\/types\/page"}],"author":[{"embeddable":true,"href":"https:\/\/www.cootraalival.com\/index.php?rest_route=\/wp\/v2\/users\/1"}],"replies":[{"embeddable":true,"href":"https:\/\/www.cootraalival.com\/index.php?rest_route=%2Fwp%2Fv2%2Fcomments&post=4"}],"version-history":[{"count":140,"href":"https:\/\/www.cootraalival.com\/index.php?rest_route=\/wp\/v2\/pages\/4\/revisions"}],"predecessor-version":[{"id":1235,"href":"https:\/\/www.cootraalival.com\/index.php?rest_route=\/wp\/v2\/pages\/4\/revisions\/1235"}],"wp:attachment":[{"href":"https:\/\/www.cootraalival.com\/index.php?rest_route=%2Fwp%2Fv2%2Fmedia&parent=4"}],"curies":[{"name":"wp","href":"https:\/\/api.w.org\/{rel}","templated":true}]}}